+ r*k - 52 = -2*u, -118 = -5*u - 2*k. What are the prime factors of u?
2, 3
Suppose 4*g - 2*c - 3188 = 0, -3*g = 6*c - 2*c - 2402. Let y = g - 228. List the prime factors of y.
2, 3, 5, 19
Suppose -2*o + 243954 = 5*i, 184*o - 179*o = 4*i - 195216. What are the prime factors of i?
2, 31, 787
Let f be (-3)/(-12) - (-213)/(-4). Let r = -1 + f. What are the prime factors of (36/r)/((5/(-36))/5)?
2, 3
Suppose 5423 = 198*h - 181*h. What are the prime factors of h?
11, 29
Let w(m) = 47*m + 1456. What are the prime factors of w(4)?
2, 3, 137
Let m = 35364 + -10773. List the prime factors of m.
3, 7, 1171
Let z(w) = 22*w + 5. Suppose 10 = c - 3*q, 0 = 5*c - 4*q - q - 50. Suppose -c*p + 16 = -2*p. What are the prime factors of z(p)?
7
Suppose -135*j + 7616 = -131*j. Let w = -887 + j. List the prime factors of w.
3, 113
Let z be (0 + 0 + -1)*134. What are the prime factors of -2 + (0 - 3)*z?
2, 5
Suppose -2*f + 6131 = 5*x, -3063 = -f - 10*x + 5*x. What are the prime factors of f?
2, 13, 59
Let x be 63/12 + -3 + 2/(-8). Let q = 6 - x. Suppose 2*n + 479 = q*n - z, 5*z = -3*n + 686. List the prime factors of n.
3, 79
Let t(u) = 1677*u + 273. What are the prime factors of t(8)?
3, 13
Suppose 101130 = 57*y - 5916. List the prime factors of y.
2, 3, 313
List the prime factors of 5 + 2/(-4)*(-5 - 3057).
2, 3
Suppose 2*h = -5*b + 41909, 20059 + 13470 = 4*b + h. List the prime factors of b.
83, 101
Let a(v) = -183*v + 383. List the prime factors of a(0).
383
Suppose 0 = 246*y - 273*y + 65421. What are the prime factors of y?
2423
Suppose 24 = 6*g - 9*g, -2*b = -3*g - 102352. List the prime factors of b.
2, 12791
Let z(b) = -b**3 - 6*b**2 - 11*b + 11. Let c be z(-6). Suppose 5*j - 73 = c. Let g = j + -18. What are the prime factors of g?
2, 3
Let t be (2/11 + 184/(-44))*-109. Suppose 3*z + t = 4*z. List the prime factors of z.
2, 109
Let p be (-1115)/45 - (-6)/(-27). Let z = 28 + p. Suppose -328 - 308 = -4*w + 4*m, -4*w + z*m + 638 = 0. What are the prime factors of w?
7, 23
List the prime factors of 1 + 110546/6 + 66/99.
2, 3, 37, 83
Suppose 4*q - 349 = -3*z - q, -25 = -5*q. Suppose 0 = 118*h - z*h - 3000. What are the prime factors of h?
2, 3, 5
Let j = 83206 - 52715. List the prime factors of j.
30491
Let i = 396 + -394. Suppose 4*x = i*s - 1064, -s = 3*x - 624 + 107. List the prime factors of s.
2, 263
Let s be 2/(5 - (-170)/(-35)). Let z(y) = -y**3 + 17*y**2 - 38*y + 16. List the prime factors of z(s).
2, 3
Let k be 7*1*(-44)/(-77). Suppose -k*u - 123 - 13 = s, 4*u - 4*s = -156. Let q = 39 + u. List the prime factors of q.
2
Let u be 5 + 6 + (-4 - 4). Suppose t = -3*v + 1764, 3*t + 0*t = u*v - 1752. What are the prime factors of v?
587
Let y(u) be the third derivative of -u**5/40 - 25*u**4/12 - 7*u**3/6 + u**2. Let r(g) be the first derivative of y(g). What are the prime factors of r(-22)?
2
Suppose -4*t + 45 = 5*t. Suppose -t*q + 940 + 835 = 0. List the prime factors of q.
5, 71
Suppose 3*x + 2*t = 22, 2*x - 3*t + 3 = -4. Suppose 3*d - 5 = 2*d, -x*a + 5*d + 2439 = 0. List the prime factors of a.
2, 7, 11
Let p(m) = 33*m**2 - 10*m + 363. List the prime factors of p(26).
73, 307
Suppose 41*m = 46*m + 1200. Let b = 255 - m. Let a = b - 340. List the prime factors of a.
5, 31
Let j(g) = 20*g - 13. Let d be j(2). Suppose 5*v + 13 = x - 8, 3*v = -3*x - d. List the prime factors of 14*(-7)/v - 20/(-50).
2, 5
Suppose 5*r - 29221 = -4*k, -21930 = -3*k - 137*r + 138*r. What are the prime factors of k?
7309
Let g(s) = -2*s**3 + 3*s**2 + 21*s + 33. List the prime factors of g(-12).
3, 1223
Suppose 4*p - 44 = 2*p. Suppose -h + 12 + p = 0. Let a = 175 - h. What are the prime factors of a?
3, 47
Suppose 9*f = 12*f + 786. Let g = 717 + f. What are the prime factors of g?
5, 7, 13
Let w(x) = 15*x**2 + 25*x - 1281. What are the prime factors of w(-46)?
7, 53, 79
Suppose 20*g - 2*g - 72 = 0. Suppose -2*y + 5*s + 62 = 0, g*y + 3*s - 9 = 3*y. What are the prime factors of y?
3, 7
What are the prime factors of (72/60)/(-6) + (-28741)/(-5)?
2, 3, 479
Let n = 261 - 39. Let s = n - 126. List the prime factors of s.
2, 3
Let q be (8/12)/(1*4/(-6)). Let u be 27/(-21) - q - (-788)/14. Let l = u + 8. What are the prime factors of l?
2
Let x be (-1659)/15 - (-16)/(-40). Let d = 23 - x. List the prime factors of d.
2, 67
Let z = -80 + 83. Suppose r = 3*r + z*r. Suppose r = -v - 2*x + 165, -v + 2*v - 4*x - 183 = 0. What are the prime factors of v?
3, 19
Let o be (1 - (-31)/5)/((-3)/(-15)). Let s = o + 68. Let m = -50 + s. What are the prime factors of m?
2, 3
Let z(x) = -x**3 + 19*x**2 - 20*x + 15. Let t be z(18). Let k = 488 - t. List the prime factors of k.
509
Let t(v) = 67*v + 98. Let z be t(-8). Let j = z + 999. What are the prime factors of j?
3, 11, 17
Let b be (4 - (5 - 2))*0/(-2). Suppose 2*f + v - 4810 = b, -2*f - 3*v + 4*v + 4802 = 0. List the prime factors of (4/2)/(9/(f/6)).
89
Let b be -4 + -3 + 24/4. Let v be (-3)/(b - (-200)/204). Suppose 3*u + 70 = 2*r, 0 = 2*r - 7*r + 2*u + v. What are the prime factors of r?
29
Suppose -34*q + 27*q - 7 = 0. List the prime factors of 0 - (-149 - (-3 - q)*1).
3, 7
Suppose -1161*c = -1160*c - 4. List the prime factors of (-137)/(-6) + c - (-1)/6.
3
Suppose 5*n + 130*u = 134*u + 90104, -5*u - 72094 = -4*n. What are the prime factors of n?
2, 563
Let p = -166 + 168. Suppose -2*n - 325 = -v + 51, 750 = p*v - 5*n. What are the prime factors of v?
2, 5, 19
Suppose 3*a = -3*o - 18, -25 = 2*a + 3*a. Let b = 105 + -52. Let y = b - o. List the prime factors of y.
2, 3
Suppose -12*m + 7706 = g - 17*m, m + 69574 = 9*g. List the prime factors of g.
3, 859
Suppose 164*y = 189*y - 1826450. List the prime factors of y.
2, 36529
Suppose 25*h = 6*h + 13015. Let n = h + -261. List the prime factors of n.
2, 53
Suppose 3*u + x - 16879 = 0, 4*u - 29763 = -2*x - 7261. List the prime factors of u.
2, 3, 7, 67
Suppose -82*f + 27*f = -44330. What are the prime factors of f?
2, 13, 31
Let x(f) = -60*f - 6. Let h(r) = r**3 + 2*r**2 + 3*r + 4. Let m be h(-3). Let u be (-5)/(-15) + m*2/12. What are the prime factors of x(u)?
2, 3, 19
Suppose -5*z + 28 = 4*s, 3*s + 4*z = 2*z + 14. What are the prime factors of s/15 + 3/(225/815)?
11
Let b(d) = 2*d**2 - 12*d - 10. Let x be b(7). Suppose -2*j + 690 = x*u, -2*u - 8*j + 351 = -5*j. What are the prime factors of u?
3, 19
Let i = -30 - -60. Let a be (-8 - 1)*(3 + -4). List the prime factors of 28 + 6*(3 - i/a).
2, 13
Suppose -5*m - 5*c + 217925 = 0, 2*m + 272*c = 269*c + 87173. List the prime factors of m.
2, 7, 11, 283
Let x = 42 - 48. Let o be (394/3)/((-2)/x). Suppose 0 = 6*y - 158 - o. What are the prime factors of y?
2, 23
Let y(a) = -a**2 - 2*a + 13. Let d be y(-4). Let h(r) = 27*r - 62. List the prime factors of h(d).
73
Suppose -2*n - 8467 + 455 = -3*n. What are the prime factors of n?
2, 2003
Suppose 7*i = 8*i - 4*g - 2547, g + 2553 = i. What are the prime factors of i?
5, 7, 73
Let f be 1/3 + (-2120)/(-12). Suppose 3*i + u - 190 = 73, -2*i - u + f = 0. List the prime factors of i.
2, 43
Let z(i) = -i + 14. Let m be z(12). What are the prime factors of (-11763)/(-27) + m/6?
2, 109
Let m(r) = 8*r - 33. Suppose h = -5*h + 42. What are the prime factors of m(h)?
23
Let v(j) = -237*j**3 + 3*j**2 - 1. Suppose 0 = 2*z - 20*z - 18. List the prime factors of v(z).
239
List the prime factors of (-2 + -11327)/(32/(-64)).
2, 11329
Let o = -46 + 48. What are the prime factors of (2670/50 - -12)/(o/10)?
3, 109
Let m = -24 - -32. Let p be (-27)/63*(0 - (m - 1)). Suppose 0 = -p*t + 301 + 83. List the prime factors of t.
2
Let r = 1530 - 894. What are the prime factors of r?
2, 3, 53
Suppose -5*a + 2*b = -14574, 4*a - 6627 - 5033 = 2*b. List the prime factors of a.
2, 31, 47
Suppose 0 = 5*f, 4*o - 5*f - 12 = -0*o. Let a(c) = 23*c - o*c - 5 - 5*c. What are the prime factors of a(5)?
2, 5, 7
Suppose -4*c - 10 = -6*c. Suppose 3*f + f - 5*d + 65 = 0, -c*d + 5 = 0. Let a = 18 + f. List the prime factors of a.
3
Let h = 131 + 263. Suppose 5*g - 178 = -58. Suppose 0 = -g*t + 22*t + h. What are the prime factors of t?
197
Let y be 2/(-5) - 5666/10. Let c = y - -401. List the prime factors of (c/(-12))/((-13)/(-78)).
83
Let i(d) = -d**3 + 16*d**2 + d - 13. Let r be i(16). Suppose a = -3*a + r*l + 244, -2*a - l + 122 = 0. Let s = a + 22